{"id":49,"date":"2020-10-13T14:15:35","date_gmt":"2020-10-13T12:15:35","guid":{"rendered":"https:\/\/www.willewike.frl\/?page_id=49"},"modified":"2020-10-13T14:45:09","modified_gmt":"2020-10-13T12:45:09","slug":"skiednis","status":"publish","type":"page","link":"https:\/\/www.willewike.frl\/index.php\/skiednis\/","title":{"rendered":"Skiednis"},"content":{"rendered":"\n<p>De WilleWike is yn 2000 beg\u00fbn as de Skriuwwike, in inisjatyf fan \u00e2lden dy\u2019t f\u00fbnen dat yn it \u00fbnderwiis net gen\u00f4ch omtinken wie foar de Fryske taal en kultuer. Fan dat jier \u00f4f hat der op 2006 nei elts jier in wike west. Yn 2006 wiene der wat misferstannen w\u00eartroch\u2019t de subsydzje net oanfrege wie. Yn 2007 is dochs wer besocht om de skriuwwike nij libben yn te blazen. Dat slagge, in protte wurk wie it wol.<\/p>\n\n\n\n<p>Yn 2008 is de namme wizige yn WilleWike, is der in stifting oprjochte dy\u2019t derfoar soargje moast dat it d\u00fadlik wie wa\u2019t de WilleWike organisearje soe, en is der besletten om ek in wike te h\u00e2lden foar it fuortset \u00fbnderwiis. Fan dat momint \u00f4f hawwe wy praktysk elts jier mei in 30 bern nei Skylge ta west.<\/p>\n","protected":false},"excerpt":{"rendered":"<p>De WilleWike is yn 2000 beg\u00fbn as de Skriuwwike, in inisjatyf fan \u00e2lden dy\u2019t f\u00fbnen dat yn it \u00fbnderwiis net gen\u00f4ch omtinken wie foar de Fryske taal en kultuer. Fan dat jier \u00f4f hat der &hellip;<\/p>\n","protected":false},"author":1,"featured_media":0,"parent":0,"menu_order":0,"comment_status":"closed","ping_status":"closed","template":"","meta":{"footnotes":""},"_links":{"self":[{"href":"https:\/\/www.willewike.frl\/index.php\/wp-json\/wp\/v2\/pages\/49"}],"collection":[{"href":"https:\/\/www.willewike.frl\/index.php\/wp-json\/wp\/v2\/pages"}],"about":[{"href":"https:\/\/www.willewike.frl\/index.php\/wp-json\/wp\/v2\/types\/page"}],"author":[{"embeddable":true,"href":"https:\/\/www.willewike.frl\/index.php\/wp-json\/wp\/v2\/users\/1"}],"replies":[{"embeddable":true,"href":"https:\/\/www.willewike.frl\/index.php\/wp-json\/wp\/v2\/comments?post=49"}],"version-history":[{"count":2,"href":"https:\/\/www.willewike.frl\/index.php\/wp-json\/wp\/v2\/pages\/49\/revisions"}],"predecessor-version":[{"id":76,"href":"https:\/\/www.willewike.frl\/index.php\/wp-json\/wp\/v2\/pages\/49\/revisions\/76"}],"wp:attachment":[{"href":"https:\/\/www.willewike.frl\/index.php\/wp-json\/wp\/v2\/media?parent=49"}],"curies":[{"name":"wp","href":"https:\/\/api.w.org\/{rel}","templated":true}]}}

<p>De WilleWike is yn 2000 begûn as de Skriuwwike, in inisjatyf fan âlden dy’t fûnen dat yn it ûnderwiis net genôch omtinken wie foar de Fryske taal en kultuer. Fan dat jier ôf hat der op 2006 nei elts jier in wike west. Yn 2006 wiene der wat misferstannen wêrtroch’t de subsydzje net oanfrege wie. Yn 2007 is dochs wer besocht om de skriuwwike nij libben yn te blazen. Dat slagge, in protte wurk wie it wol.</p>



<p>Yn 2008 is de namme wizige yn WilleWike, is der in stifting oprjochte dy’t derfoar soargje moast dat it dúdlik wie wa’t de WilleWike organisearje soe, en is der besletten om ek in wike te hâlden foar it fuortset ûnderwiis. Fan dat momint ôf hawwe wy praktysk elts jier mei in 30 bern nei Skylge ta west.</p>

<p>De WilleWike is yn 2000 begûn as de Skriuwwike, in inisjatyf fan âlden dy’t fûnen dat yn it ûnderwiis net genôch omtinken wie foar de Fryske taal en kultuer. Fan dat jier ôf hat der &hellip;</p>
